
In base 12, what is -51a5 + -129?
-5312
In base 11, what is 12398a4 - 9?
1239896
In base 13, what is 15 - 21a1c?
-21a07
In base 10, what is 3 + -40151715?
-40151712
In base 14, what is 3 + -296cb9?
-296cb6
In base 15, what is 3 + -3528421?
-352841d
In base 4, what is 3122031011 - 23?
3122030322
In base 6, what is -140 + 10252055?
10251515
In base 4, what is 2210230100021 - -10?
2210230100031
In base 16, what is -10 - cd339c?
-cd33ac
In base 11, what is -1635015 + -218?
-1635232
In base 4, what is 130 - 133211012110?
-133211011320
In base 6, what is -300113 - -1542?
-254131
In base 11, what is -2 + -268321?
-268323
In base 16, what is 984cdd - -12?
984cef
In base 13, what is -20ba2 + -ab?
-20c80
In base 16, what is 701bf5 - 2?
701bf3
In base 6, what is -132020434 - 14?
-132020452
In base 3, what is -101010201000011 - -12222?
-101010200210012
In base 12, what is 3 + 19baaa2?
19baaa5
In base 5, what is 1230141303 - -4?
1230141312
In base 6, what is -14 + 4045025?
4045011
In base 16, what is -24961 + -4?
-24965
In base 6, what is 205512 - -24145?
234101
In base 3, what is 10102102121110 - 1020?
10102102120020
In base 15, what is -a1c4b - 7b?
-a1cc7
In base 12, what is 497 + -7926b?
-78994
In base 14, what is 113cb + 18?
11405
In base 15, what is 2a40 + -1909?
1136
In base 15, what is 3d1 - b8a1?
-b4c0
In base 3, what is 222001100201012211 - 12?
222001100201012122
In base 16, what is -3ccc4d + -1?
-3ccc4e
In base 10, what is 28325 + -142?
28183
In base 12, what is -1b70b7bb0 + -5?
-1b70b7bb5
In base 4, what is -33222212212 - -3?
-33222212203
In base 12, what is -a7b948 - -8?
-a7b940
In base 5, what is -13 + -11213212?
-11213230
In base 12, what is -186b922 + -a?
-186b930
In base 12, what is -55 - -353b06?
353a71
In base 10, what is -3 - -212617068?
212617065
In base 12, what is 197748bb - 14?
197748a7
In base 10, what is -5282 + -373?
-5655
In base 7, what is 123160626 - 2?
123160624
In base 2, what is -10001110001010100000100 - -110?
-10001110001010011111110
In base 6, what is -10121504 + 11?
-10121453
In base 4, what is 1030 + -313000321?
-312333231
In base 11, what is -9852 + 30959?
22107
In base 12, what is -2518 - 2489a?
-271b6
In base 8, what is -433 + 370?
-43
In base 16, what is 2 + 10c864?
10c866
In base 6, what is -2421 + 1522135?
1515314
In base 15, what is -1231ea8d + 2?
-1231ea8b
In base 5, what is -22 + -304234023?
-304234100
In base 8, what is 13553 - -735?
14510
In base 11, what is -74a092 + 79?
-74a014
In base 5, what is 2123043 - 101?
2122442
In base 6, what is 121 - -224403?
224524
In base 15, what is e70a - 65?
e695
In base 13, what is 43 - 851bb?
-85178
In base 13, what is -4a - -1404a4?
140457
In base 3, what is -10220211220110200211 + 10?
-10220211220110200201
In base 13, what is 13b1326 - -5?
13b132b
In base 2, what is -10 - -100000001010101001010111111?
100000001010101001010111101
In base 5, what is -4 - -2113133434?
2113133430
In base 3, what is 200010110 + 21120?
200102000
In base 6, what is 2 - -10512130205?
10512130211
In base 14, what is 2 - -a998bc?
a998c0
In base 15, what is -14a277 - -1a?
-14a25c
In base 15, what is 19b57 + -7a?
19acc
In base 13, what is -122c89 - -14?
-122c75
In base 7, what is -504401 + 363?
-504005
In base 4, what is 33111213030 + 1?
33111213031
In base 11, what is -3 - -a571610?
a571608
In base 11, what is 171aa279 + 1?
171aa27a
In base 14, what is -27636b4 + 4?
-27636b0
In base 9, what is -17516801 + 0?
-17516801
In base 12, what is -2473ba6 + 6a?
-2473b38
In base 2, what is -11 + 101100001000011110010?
101100001000011101111
In base 15, what is 2939ca0a - 1?
2939ca09
In base 7, what is -13132660 - -535?
-13132122
In base 13, what is 2 - 2a0a3a?
-2a0a38
In base 11, what is 15 - 3301451?
-3301437
In base 9, what is 361 - -203760?
204231
In base 11, what is 1879 + 8753?
a521
In base 5, what is 13 + 11131221410?
11131221423
In base 3, what is -12200212110020 + -11201?
-12200212121221
In base 4, what is -1110330332 + 1101?
-1110323231
In base 5, what is -4 - 14232241110?
-14232241114
In base 4, what is -322010300101100 + -11?
-322010300101111
In base 9, what is 14 - -4287343?
4287357
In base 16, what is 10f66a - -38?
10f6a2
In base 13, what is 2530 + 398?
28c8
In base 10, what is 1592789 - 281?
1592508
In base 5, what is -14040 + -241411?
-311001
In base 7, what is 133641 + -4116?
126522
In base 10, what is 9 - 18580?
-18571
In base 10, what is -18 - -1038944?
1038926
In base 9, what is 78 - -4706355?
4706444
In base 15, what is -69467a - -21?
-694659
In base 14, what is 4 + 268b03?
268b07
In base 13, what is -a71 - ab9?
-185a
In base 8, what is -3621630716 + 5?
-3621630711
In base 9, what is -683138565 - 1?
-683138566
In base 4, what is 222112300323 - 10?
222112300313
In base 14, what is -6cc4c8 - -b?
-6cc4bb
In base 3, what is -2122021111012111 + 2?
-2122021111012102
In base 2, what is 1 - -1110000000000000101111000?
1110000000000000101111001
In base 4, what is 22211331120 - -22?
22211331202
In base 7, what is -15 - -655003225?
655003210
In base 14, what is 1745b53 - -a?
1745b5d
In base 6, what is 5 - 1422345402?
-1422345353
In base 6, what is -350405120435 - -3?
-350405120432
In base 5, what is 10 + -10312200?
-10312140
In base 12, what is 1480 - 30a9?
-1829
In base 7, what is -53550052 + -136?
-53550221
In base 9, what is 2484160550 + -2?
2484160547
In base 2, what is -10101000000101111 + -101110?
-10101000001011101
In base 14, what is 1 - -1aba7605?
1aba7606
In base 9, what is -1037221 - -10?
-1037211
In base 6, what is -23421550 + -134?
-23422124
In base 6, what is 115011454 - -403?
115012301
In base 8, what is -2446571 + -462?
-2447253
In base 7, what is 5132411 - 4?
5132404
In base 8, what is -4601747 + -120?
-4602067
In base 11, what is -52544 + -a07?
-53450
In base 3, what is 12021 - 11222212201102?
-11222212112011
In base 11, what is -3a84 - -83362?
7a389
In base 12, what is 0 - 24594890?
-24594890
In base 7, what is -3 - -42154566?
42154563
In base 14, what is 1b47b78a + -3?
1b47b787
In base 15, what is -10292 - 3c9d?
-14040
In base 4, what is 3211210 - 112131?
3033013
In base 10, what is 0 - -13264622?
13264622
In base 14, what is -c4 + 72270d?
722629
In base 4, what is 1121 - -221013303?
221021030
In base 7, what is -12131 - -325362?
313231
In base 10, what is -352563 - 522?
-353085
In base 4, what is 2023210 + 2003333?
10033203
In base 2, what is 11011111001 + 1101100100?
101001011101
In base 3, what is 112102122 - -10122110200?
11011220022
In base 6, what is -202 + -32134222?
-32134424
In base 15, what is 5c82 + -15e?
5b23
In base 12, what is 11b271440 + 4?
11b271444
In base 9, what is -2652837 + 67?
-2652760
In base 10, what is 1309303 - -71?
1309374
In base 4, what is 202222 + -10013302?
-3211020
In base 15, what is 58 + dcc7?
dd30
In base 6, what is -22243 + -342112?
-404355
In base 4, what is -332303130 + 20?
-332303110
In base 6, what is 2304 + -44430?
-42122
In base 3, what is -1111201000 - -20110?
-1111110120
In base 12, what is -571610 + 1a2?
-57142a
In base 12, what is -97 - -3b608?
3b531
In base 2, what is 11 + 1010000001101011010101100?
1010000001101011010101111
In base 12, what is 8850689 - -2?
885068b
In base 9, what is -5086772 + 4?
-5086767
In base 13, what is 8 + -822a741?
-822a736
In base 5, what is 14030 - 1111324?
-1042244
In base 6, what is -35401 - -131103?
51302
In base 6, what is -2 - -5411224141?
5411224135
In base 7, what is -2201 - 15051152?
-15053353
In base 5, what is 11131444 + 201101?
11333100
In base 5, what is -3440 - -1144432?
1140442
In base 2, what is -1001 - 101001001000111110010010?
-101001001000111110011011
In base 12, what is 241ab194 + 5?
241ab199
In base 12, what is 17 - 265309?
-2652b2
In base 2, what is -111101010001001110 - 1001000?
-111101010010010110
In base 11, what is -5 - 17113a1?
-17113a6
In base 9, what is -148 + 14364770?
14364621
In base 8, what is -171 - 7126474?
-7126665
In base 8, what is -1 + -54476715?
-54476716
In base 15, what is 1 + -453b36?
-453b35
In base 6, what is 20035 - 3031243?
-3011204
In base 3, what is 121011101021 - 1211?
121011022110
In base 8, what is 113707066 + -36?
113707030
In base 15, what is -128 - -7a21b?
7a0e3
In base 12, what is -14 - 3b38b5?
-3b3909
In base 14, what is 40452 - -86?
404d8
In base